3 composite?
True
Is 807107 a prime number?
False
Is 2921 prime?
False
Is 27561 a composite number?
True
Is 179083 a composite number?
False
Is 86197 composite?
False
Is 51811 prime?
False
Is 263363 composite?
True
Is 908133 prime?
False
Is 38091 composite?
True
Is 29527 prime?
True
Is 225773 prime?
False
Is 40841 a composite number?
False
Is 20981 prime?
True
Is 507769 a prime number?
False
Is 8251 composite?
True
Is 569221 composite?
True
Is 136761 a prime number?
False
Is 54293 composite?
False
Is 120221 prime?
False
Is 27533 prime?
False
Is 41857 prime?
False
Is 114407 a prime number?
True
Is 202431 a prime number?
False
Is 163915 a composite number?
True
Is 27323 prime?
False
Is 23003 a composite number?
False
Is 17851 a prime number?
True
Is 2053 a composite number?
False
Is 4861 prime?
True
Is 629417 a composite number?
False
Is 10645 composite?
True
Is 80567 composite?
False
Is 100907 a prime number?
True
Is 110681 composite?
False
Is 25351 prime?
False
Is 53437 a composite number?
False
Is 1024357 composite?
False
Is 203233 a composite number?
False
Is 118247 a composite number?
False
Is 281509 composite?
False
Is 1214299 prime?
True
Is 43009 a prime number?
False
Is 316913 a prime number?
False
Is 2385469 a prime number?
False
Is 1009311 composite?
True
Is 1553369 composite?
False
Is 7069 a composite number?
False
Is 37483 composite?
False
Is 3691 a prime number?
True
Is 2384113 prime?
False
Is 20419 composite?
True
Is 400093 a prime number?
True
Is 17741 composite?
True
Is 1657 a composite number?
False
Is 54479 a prime number?
False
Is 2531 a prime number?
True
Is 340279 composite?
True
Is 7661 a prime number?
False
Is 76321 a composite number?
True
Is 8641 composite?
False
Is 12443 prime?
False
Is 6443 prime?
False
Is 47887 composite?
True
Is 628583 a prime number?
True
Is 472247 composite?
False
Is 1106197 prime?
True
Is 522277 composite?
True
Is 25963 a composite number?
True
Is 552047 a composite number?
False
Is 5351 prime?
True
Is 3209717 a prime number?
False
Is 17183 composite?
False
Is 156967 composite?
False
Is 115631 a prime number?
True
Is 673 prime?
True
Is 49429 composite?
False
Is 132157 prime?
True
Is 41771 composite?
False
Is 8743 prime?
False
Is 22013 prime?
True
Is 22367 a prime number?
True
Is 748841 a prime number?
False
Is 120671 a composite number?
False
Is 8663 a prime number?
True
Is 5279 a prime number?
True
Is 10369 a composite number?
False
Is 19027 a composite number?
True
Is 193061 a prime number?
False
Is 2911 a prime number?
False
Is 21241 a composite number?
True
Is 2962517 a prime number?
True
Is 52859 prime?
True
Is 8719 prime?
True
Is 889 a composite number?
True
Is 127637 prime?
True
Is 8051 a prime number?
False
Is 104369 a prime number?
True
Is 130719 a prime number?
False
Is 1039603 a composite number?
False
Is 26141 a composite number?
False
Is 1639 composite?
True
Is 54037 a prime number?
True
Is 106529 a composite number?
True
Is 17887 a composite number?
True
Is 103387 a composite number?
False
Is 329 a composite number?
True
Is 4054 a composite number?
True
Is 4835 a composite number?
True
Is 26053 prime?
True
Is 1931 prime?
True
Is 8962 prime?
False
Is 62005 composite?
True
Is 534115 a prime number?
False
Is 77317 prime?
True
Is 85549 prime?
True
Is 83761 prime?
True
Is 49873 composite?
True
Is 2977 a composite number?
True
Is 117877 a composite number?
False
Is 255155 prime?
False
Is 21961 a composite number?
False
Is 4399 prime?
False
Is 1363 a composite number?
True
Is 65167 prime?
True
Is 17551 a prime number?
True
Is 256873 composite?
False
Is 221707 a prime number?
True
Is 55294 a composite number?
True
Is 3862 a prime number?
False
Is 130747 prime?
False
Is 855307 composite?
False
Is 15259 composite?
False
Is 8999 composite?
False
Is 370023 prime?
False
Is 1848929 a composite number?
False
Is 113143 a prime number?
True
Is 21181 composite?
True
Is 17245 prime?
False
Is 18119 composite?
False
Is 37847 a composite number?
False
Is 11474 composite?
True
Is 269833 prime?
False
Is 3787 prime?
False
Is 15427 a composite number?
False
Is 3606343 prime?
False
Is 331801 a composite number?
False
Is 20858 a prime number?
False
Is 29567 prime?
True
Is 1962457 composite?
True
Is 56123 composite?
False
Is 16729 prime?
True
Is 15259 a composite number?
False
Is 47017 a prime number?
True
Is 254593 composite?
False
Is 76121 composite?
True
Is 54169 prime?
False
Is 131 a composite number?
False
Is 46853 prime?
True
Is 235 a prime number?
False
Is 62549 a prime number?
True
Is 22709 prime?
True
Is 6037 a composite number?
False
Is 713285 a prime number?
False
Is 5199 a composite number?
True
Is 1457321 prime?
True
Is 1048669 prime?
False
Is 269513 a composite number?
False
Is 28778 a composite number?
True
Is 820349 prime?
True
Is 567407 prime?
True
Is 4859 prime?
False
Is 32297 a prime number?
True
Is 4391 a composite number?
False
Is 3683 composite?
True
Is 73673 a prime number?
True
Is 69899 a prime number?
True
Is 254 prime?
False
Is 13791 composite?
True
Is 296663 composite?
False
Is 1073 a composite number?
True
Is 25291 prime?
False
Is 5893 composite?
True
Is 30427 a composite number?
False
Is 17665 composite?
True
Is 13441 a prime number?
True
Is 1397717 a prime number?
True
Is 34345 prime?
False
Is 339277 a prime number?
False
Is 13963 a prime number?
True
Is 45307 a prime number?
True
Is 261753 prime?
False
Is 21059 composite?
False
Is 4817 prime?
True
Is 144719 prime?
True
Is 17513 a prime number?
False
Is 156089 composite?
False
Is 86627 a prime number?
True
Is 419291 prime?
True
Is 151517 a prime number?
True
Is 325279 a prime number?
False
Is 3066821 a prime number?
True
Is 1035883 a prime number?
False
Is 88535 a prime number?
False
Is 115579 prime?
False
Is 387577 a composite number?
False
Is 669 prime?
False
Is 262897 prime?
True
Is 28429 prime?
True
Is 36131 a prime number?
True
Is 91627 a prime number?
False
Is 318261 a prime number?
False
Is 93601 prime?
True
Is 188137 composite?
False
Is 10977 a prime number?
False
Is 4238107 prime?
True
Is 284537 prime?
False
Is 19937 prime?
True
Is 35303 a composite number?
True
Is 3659 a prime number?
True
Is 5381 a composite number?
False
Is 9527 prime?
False
Is 81839 a prime number?
True
Is 139577 a composite number?
True
Is 1201285 prime?
False
Is 10391 a composite number?
False
Is 112111 prime?
True
Is 17951 a prime number?
False
Is 50909 prime?
True
Is 9759 prime?
False
Is 30715 composite?
True
Is 94687 a prime number?
True
Is 21269 prime?
True
Is 7439 composite?
True
Is 3071 composite?
True
Is 505573 a composite number?
False
Is 227797 a prime number?
True
Is 61169 a prime number?
True
Is 91 a composite number?
True
Is 4534 composite?
True
Is 51659 prime?
True
Is 140111 a composite number?
False
Is 1026317 prime?
False
Is 75899 a composite number?
True
Is 21055 a composite number?
True
Is 3945701 a composite number?
False
Is 182411 prime?
False
Is 19959 prime?
False
Is 373907 a prime number?
False
Is 14519 a prime number?
True
Is 1637 composite?
False
Is 979 a composite number?
True
Is 24671 a composite number?
False
Is 2333 a composite number?
False
Is 28603 a composite number?
False
Is 7493 prime?
False
Is 955 a composite number?
True
Is 3761 prime?
True
Is 3659 prime?
True
Is 140755 a composite number?
True
Is 4741 a prime number?
False
Is 23953 a composite number?
True
Is 119473 composite?
True
Is 133649 prime?
True
Is 2947 composite?
True
Is 47699 a composite number?
False
Is 134807 a prime number?
True
Is 9169 a prime number?
False
Is 1979 prime?
True
Is 28909 prime?
True
Is 37661 composite?
True
Is 570173 a composite number?
False
Is 1439 a prime number?
True
Is 81734 a composite number?
True
Is 794 composite?
True
Is 2899 prime?
False
Is 245251 a composite number?
False
Is 229183 prime?
False
Is 1857805 prime?
False
Is 2719 composite?
False
Is 33539 a prime number?
False
Is 865 a prime number?
False
Is 11073 composite?
True
Is 8269 prime?
True
Is 14591 prime?
True
Is 3011 composite?
False
Is 19037 a prime number?
True
Is 99343 a prime number?
False
Is 1411351 a composite number?
True
Is 74247 prime?
False
Is 79567 a prime number?
False
Is 996203 composite?
True
Is 456293 composite?
False
Is 523 prime?
True
Is 281467 prim